n base 4?
23313101302
What is 333211003 (base 4) in base 10?
260419
Convert 20112021022 (base 4) to base 11.
1264845
Convert -4f97 (base 16) to base 14.
-75d5
What is -525511 (base 7) in base 5?
-10401210
7340348 (base 9) to base 6
220033325
Convert -2aa70 (base 12) to base 16.
-eb74
What is -3b0920 (base 15) in base 2?
-1010110100101000111111
What is d836a5 (base 15) in base 13?
2192c96
-1bbc74 (base 16) to base 12
-737b04
Convert 220252a (base 11) to base 10.
3868523
What is 100000011110000111 (base 2) in base 14?
3667d
Convert 1367455 (base 8) to base 5.
44421114
Convert 1338a15 (base 11) to base 16.
23416f
1110101110010110011011 (base 2) to base 4
32232112123
Convert 400014 (base 7) to base 9.
112210
Convert -2d8c4b (base 14) to base 6.
-54140431
What is -3561133 (base 7) in base 11?
-2894a1
112110021210010 (base 3) to base 10
7682043
Convert -303420112 (base 5) to base 2.
-100101100111010010100
Convert -1110120120210 (base 3) to base 4.
-2332023312
Convert 409047 (base 15) to base 2.
1011101101000000100110
What is -22101121001 (base 3) in base 14?
-442b1
7143770 (base 9) to base 3
21011110212100
Convert -5a145a (base 13) to base 16.
-20baff
Convert -200210002 (base 4) to base 6.
-2505254
Convert -49cd5d (base 16) to base 15.
-65816b
What is 200321213 (base 5) in base 15?
109a3d
Convert -3221311030 (base 4) to base 5.
-221122042
-343762 (base 10) to base 15
-6bcc7
Convert -5141322 (base 9) to base 7.
-32214341
What is 220233100 (base 4) in base 2?
101000101111010000
Convert 2c21 (base 15) to base 6.
111521
What is 126311156 (base 7) in base 6?
451044512
What is -102122011200 (base 3) in base 11?
-147091
12a633 (base 12) to base 14
805cb
-2323521 (base 8) to base 5
-130221112
-7bcb (base 15) to base 10
-26291
What is 13122321003 (base 4) in base 8?
7327103
Convert -2121111211001 (base 3) to base 11.
-868811
What is 303153 (base 12) in base 6?
24040543
Convert -244202042 (base 5) to base 2.
-100011011111000010100
-6205476 (base 8) to base 4
-12100230332
What is 4050225 (base 8) in base 11?
670345
Convert -1101100010101100110111 (base 2) to base 4.
-31202230313
-2096a (base 13) to base 8
-162553
108570 (base 11) to base 14
46b6d
Convert -1118a32 (base 11) to base 16.
-1de4ea
Convert -353305 (base 8) to base 11.
-82601
-718765 (base 11) to base 8
-4315034
-192612 (base 10) to base 16
-2f064
What is -8536 (base 11) in base 6?
-124140
What is 20000020221 (base 3) in base 15?
250aa
What is -1423336 (base 7) in base 16?
-2e9a2
110111011120102 (base 3) to base 8
31241727
-11032114 (base 5) to base 12
-47605
What is 732a3 (base 16) in base 11?
2a2452
What is -1232432 (base 5) in base 8?
-57065
2023302 (base 7) to base 8
727176
Convert -100000000011101011101 (base 2) to base 10.
-1050461
-11122341 (base 5) to base 9
-160062
What is -3646227 (base 8) in base 2?
-11110100110010010111
What is -24515114 (base 7) in base 5?
-1031042033
What is 703233 (base 8) in base 3?
102201222001
What is -d25b16 (base 14) in base 11?
-3aa9710
-204273 (base 9) to base 7
-1013322
What is -28446 (base 11) in base 5?
-2243324
521024 (base 7) to base 3
11112100122
What is 833aa7 (base 12) in base 5?
1011401430
Convert 1341192 (base 12) to base 9.
7157442
Convert 17682 (base 10) to base 4.
10110102
What is -25565211 (base 7) in base 16?
-23a369
What is -10101111110010 (base 2) in base 10?
-11250
-5100a4 (base 16) to base 6
-305440432
What is -6533024 (base 8) in base 16?
-1ab614
Convert -1601e (base 16) to base 6.
-1533154
What is -10011110111010111100 (base 2) in base 11?
-405074
1611144 (base 7) to base 15
45896
524514405 (base 6) to base 4
203002213211
Convert -122231320 (base 4) to base 15.
-22657
What is 1264223 (base 14) in base 5?
4231101304
Convert -20211011110 (base 3) to base 8.
-406160
What is -47b179 (base 12) in base 4?
-10123020231
Convert 4243023 (base 5) to base 10.
71638
a4e1 (base 16) to base 14
1154d
What is 342524 (base 7) in base 12?
2b352
Convert 18054 (base 9) to base 15.
3a47
Convert 6889286 (base 11) to base 6.
1110114053
305013202 (base 6) to base 15
6e2a9b
35064480 (base 9) to base 16
10424d6
What is 112210022 (base 3) in base 13?
4ba4
Convert 4db5 (base 16) to base 4.
10312311
What is 1791b3 (base 12) in base 7?
3324540
What is -17604212 (base 8) in base 6?
-224312442
Convert -d60c6d (base 15) to base 11.
-5822227
What is 3c9bc (base 14) in base 3?
21121220111
Convert 3359053 (base 10) to base 16.
33414d
Convert 11bb3c (base 13) to base 14.
b1319
What is -5feb (base 16) in base 4?
-11333223
-32303310300 (base 4) to base 11
-2211903
Convert -383a9 (base 13) to base 16.
-195e1
110a10 (base 12) to base 2
1000010001010101100
What is 63301253 (base 7) in base 16?
518f51
-8509325 (base 10) to base 3
-121000022121012
What is -2622142 (base 7) in base 10?
-341707
Convert -324655 (base 7) to base 3.
-2220002111
Convert 2b4a6 (base 15) to base 2.
100010000010100111
Convert -4687635 (base 9) to base 4.
-21223222313
Convert -210031202112 (base 4) to base 15.
-c77970
Convert -65bb6 (base 13) to base 16.
-2d027
-10011010011011110001 (base 2) to base 6
-21320305
What is -5516000 (base 10) in base 14?
-a382c0
Convert 31403122 (base 5) to base 9.
440574
12655501 (base 7) to base 13
321289
c598c (base 14) to base 6
14114252
Convert -610260 (base 9) to base 5.
-43023241
Convert -7a76a (base 12) to base 3.
-22022022101
Convert 183561 (base 10) to base 4.
230310021
Convert -7927c (base 14) to base 5.
-33402420
Convert -1b3007 (base 12) to base 3.
-220111100021
What is -2872351 (base 11) in base 6?
-253452534
What is 10011000001100000010010 (base 2) in base 11?
28a6804
7b43 (base 12) to base 9
20746
Convert 121102221102121 (base 3) to base 11.
4a29084
Convert -3b037 (base 14) to base 16.
-23849
Convert -154076 (base 15) to base 2.
-11111010100000111111
What is -220210302 (base 5) in base 3?
-1202222112201
What is -281375 (base 10) in base 7?
-2251223
Convert 3872061 (base 9) to base 11.
121443a
154d5 (base 15) to base 7
404000
Convert 2ba265 (base 15) to base 8.
10030740
141287c (base 13) to base 16
60d697
Convert 131bc (base 14) to base 2.
1011011110100010
Convert -2388a (base 13) to base 4.
-33322123
What is -14368805 (base 9) in base 4?
-123031021103
Convert 1217443 (base 8) to base 2.
1010001111100100011
Convert -1314283 (base 9) to base 3.
-1100111022210
What is -14565 (base 13) in base 2?
-1001010110000101
Convert 713713 (base 9) to base 5.
102011140
What is -11111201011 (base 3) in base 13?
-31501
-11011110000110010 (base 2) to base 15
-23a5e
Convert 12021021110 (base 3) to base 14.
29b27
816f (base 16) to base 8
100557
What is -24d6c (base 16) in base 6?
-3122324
Convert -10277264 (base 9) to base 4.
-102321003331
What is -27001 (base 8) in base 9?
-17135
-9a3b06 (base 13) to base 10
-3635703
176545 (base 12) to base 13
112526
What is -100122210 (base 5) in base 13?
-10ac11
99413 (base 11) to base 15
2cb16
Convert -1000121001202 (base 3) to base 8.
-2044660
1000101110110001 (base 2) to base 9
54044
Convert 3b496 (base 13) to base 7.
640410
Convert 30122123312 (base 4) to base 13.
89c162
-b96238 (base 15) to base 8
-41535077
What is -10121110022020 (base 3) in base 2?
-111010100010100001101
Convert 10e76 (base 15) to base 11.
37538
What is 7101226 (base 8) in base 6?
104014102
What is -2079127 (base 10) in base 4?
-13323212113
Convert 10130323110 (base 4) to base 9.
2167813
Convert 1010210212012 (base 3) to base 9.
1123765
Convert -2642221 (base 7) to base 15.
-6ca2d
a210c2 (base 15) to base 5
3432323212
-fbdc9 (base 16) to base 10
-1031625
10c0e (base 16) to base 14
1b018
What is -a83760 (base 11) in base 7?
-20504102
What is 1000000010000111101001 (base 2) in base 3?
10221222122211
-1120200000201 (base 3) to base 5
-203333302
Convert -4574879 (base 10) to base 6.
-242015555
Convert -22121211111110 (base 3) to base 7.
-53645046
91dbd5 (base 14) to base 6
253215103
-1756506 (base 8) to base 7
-4244422
Convert 3065c (base 13) to base 11.
5a216
Convert -5203215 (base 7) to base 15.
-c48d3
What is 1abfc (base 16) in base 6?
2203124
Convert -a38 (base 11) to base 3.
-1201100
1737001 (base 9) to base 6
32440431
What is -d623e (base 15) in base 6?
-22314552
What is -3310240 (base 6) in base 2?
-101000001101010000
Convert -321dad (base 15) to base 11.
-138a574
102